
{"id":32,"date":"2018-12-03T04:05:38","date_gmt":"2018-12-03T02:05:38","guid":{"rendered":"http:\/\/nowa.open-tele.com\/?page_id=32"},"modified":"2018-12-04T14:01:38","modified_gmt":"2018-12-04T12:01:38","slug":"administracja-it","status":"publish","type":"page","link":"https:\/\/open-tele.com\/?page_id=32","title":{"rendered":"Administracja IT"},"content":{"rendered":"<p>Od ponad 12 lat zajmujemy si\u0119 profesjonaln\u0105 obs\u0142uga informatyczn\u0105 firm i instytucji.<\/p>\n<p>Oferujemy szeroki zakres us\u0142ug outsourcingowych oraz opracowanie dokumentacji projektowych i modeli funkcjonalnych aplikacji.<\/p>\n<p>Utrzymujemy, konserwujemy i rozbudowujemy systemy informatyczne wszystkich typ\u00f3w.<\/p>\n<p>Wspieramy w rozwoju firmy produkcyjne oraz handlowe oferuj\u0105c us\u0142ugi serwisowe utrzymania system\u00f3w CRM, ERP, ERPII, MRP itd.<\/p>\n<p>Wspieramy wszystkie najpopularniejsze systemy dost\u0119pne na rynku polskim.<\/p>\n<p>&nbsp;<\/p>\n","protected":false},"excerpt":{"rendered":"<p>Od ponad 12 lat zajmujemy si\u0119 profesjonaln\u0105 obs\u0142uga informatyczn\u0105 firm i instytucji. Oferujemy szeroki zakres us\u0142ug outsourcingowych oraz opracowanie dokumentacji projektowych i modeli funkcjonalnych aplikacji. Utrzymujemy, konserwujemy i rozbudowujemy systemy informatyczne wszystkich typ\u00f3w. Wspieramy w rozwoju firmy produkcyjne oraz handlowe oferuj\u0105c us\u0142ugi serwisowe utrzymania system\u00f3w CRM, ERP, ERPII, MRP itd. Wspieramy wszystkie najpopularniejsze systemy dost\u0119pne &hellip; <a href=\"https:\/\/open-tele.com\/?page_id=32\" class=\"more-link\">Czytaj dalej <span class=\"screen-reader-text\">Administracja IT<\/span> <span class=\"meta-nav\">&rarr;<\/span><\/a><\/p>\n","protected":false},"author":1,"featured_media":0,"parent":0,"menu_order":0,"comment_status":"closed","ping_status":"closed","template":"","meta":{"_crdt_document":"","footnotes":""},"class_list":["post-32","page","type-page","status-publish","hentry"],"_links":{"self":[{"href":"https:\/\/open-tele.com\/index.php?rest_route=\/wp\/v2\/pages\/32","targetHints":{"allow":["GET"]}}],"collection":[{"href":"https:\/\/open-tele.com\/index.php?rest_route=\/wp\/v2\/pages"}],"about":[{"href":"https:\/\/open-tele.com\/index.php?rest_route=\/wp\/v2\/types\/page"}],"author":[{"embeddable":true,"href":"https:\/\/open-tele.com\/index.php?rest_route=\/wp\/v2\/users\/1"}],"replies":[{"embeddable":true,"href":"https:\/\/open-tele.com\/index.php?rest_route=%2Fwp%2Fv2%2Fcomments&post=32"}],"version-history":[{"count":4,"href":"https:\/\/open-tele.com\/index.php?rest_route=\/wp\/v2\/pages\/32\/revisions"}],"predecessor-version":[{"id":99,"href":"https:\/\/open-tele.com\/index.php?rest_route=\/wp\/v2\/pages\/32\/revisions\/99"}],"wp:attachment":[{"href":"https:\/\/open-tele.com\/index.php?rest_route=%2Fwp%2Fv2%2Fmedia&parent=32"}],"curies":[{"name":"wp","href":"https:\/\/api.w.org\/{rel}","templated":true}]}}